{"id":20,"date":"2026-02-15T23:58:41","date_gmt":"2026-02-15T20:58:41","guid":{"rendered":"https:\/\/ankaledekrantamiri.com\/?page_id=20"},"modified":"2026-02-24T20:13:36","modified_gmt":"2026-02-24T17:13:36","slug":"giris","status":"publish","type":"page","link":"https:\/\/ankaledekrantamiri.com\/","title":{"rendered":"Anka Led Ekran Tamiri | Led Panel&#038;Mod\u00fcl Tamiri"},"content":{"rendered":"\n<p>Anka Teknoloji olarak LED ekran bak\u0131m onar\u0131m ve montaj hizmeti vermekteyiz.<\/p>\n\n\n\n<h2 class=\"wp-block-heading\">TAM\u0130R \u00d6NCES\u0130 VE SONRASI<\/h2>\n\n\n\n<p>Ger\u00e7ek projelerimizden baz\u0131 LED ekran tamir \u00f6rneklerini a\u015fa\u011f\u0131da g\u00f6rebilirsiniz.<\/p>\n\n\n\n<div class=\"before-after-row\">\n\n  <div class=\"before-after-item\">\n    <img decoding=\"async\" src=\"https:\/\/ankaledekrantamiri.com\/wp-content\/uploads\/2026\/02\/TAMIR-ONCESI-1.jpeg\" alt=\"\">\n    <span>P3.9 Oudoor 50X50 panel tamir \u00f6ncesi<\/span>\n  <\/div>\n\n  <div class=\"before-after-item\">\n    <img decoding=\"async\" src=\"https:\/\/ankaledekrantamiri.com\/wp-content\/uploads\/2026\/02\/TAMIR-SONRASI-1.jpeg\" alt=\"Tamir sonras\u0131\">\n    <span>P3.9 Outdoor 50&#215;50 panel tamir sonras\u0131<\/span>\n  <\/div>\n\n<\/div>\n\n<div class=\"before-after-btn-wrap\">\n  <a href=\"https:\/\/ankaledekrantamiri.com\/?page_id=102\" id=\"tum-calismalar-btn\">\n    T\u00fcm \u00c7al\u0131\u015fmalar\u0131 G\u00f6r\n  <\/a>\n<\/div>\n\n\n\n<h1 class=\"wp-block-heading\">Led Ekran Tamiri | Led Mod\u00fcl Tamiri \u2013 \u0130stanbul &amp; T\u00fcrkiye Geneli Yerinde Servis<\/h1>\n\n\n\n<p><strong>Anka Teknoloji<\/strong>, \u0130stanbul merkezli uzman teknik kadrosuyla profesyonel <strong>Led Ekran Tamiri<\/strong> ve <strong>led mod\u00fcl tamiri<\/strong> hizmeti sunmaktad\u0131r. T\u00fcrkiye genelinde yerinde servis imk\u00e2n\u0131 sa\u011flayarak indoor (i\u00e7 mekan) ve outdoor (d\u0131\u015f mekan) t\u00fcm dev LED ekran sistemlerinin bak\u0131m, onar\u0131m ve teknik servis i\u015flemlerini ger\u00e7ekle\u015ftirmekteyiz.<\/p>\n\n\n\n<p>Firmam\u0131z televizyon ekran\u0131 tamiri yapmaz. Uzmanl\u0131k alan\u0131m\u0131z; <strong>P1.8 ,P2, P3, P4, P5 vb. b\u00fcy\u00fck \u00f6l\u00e7ekli led panel ve mod\u00fcler led ekran sistemleridir.<\/strong><\/p>\n\n\n\n<p>AVM ekranlar\u0131, sahne led ekranlar\u0131, cephe reklam ekranlar\u0131, organizasyon ekranlar\u0131 ve belediye bilgilendirme ekranlar\u0131 i\u00e7in h\u0131zl\u0131 ve garantili \u00e7\u00f6z\u00fcmler sunuyoruz.<\/p>\n\n\n\n<hr class=\"wp-block-separator has-alpha-channel-opacity\"\/>\n\n\n\n<h2 class=\"wp-block-heading\">Profesyonel Led Ekran Tamiri Hizmeti<\/h2>\n\n\n\n<p>Led ekran sistemlerinde zamanla;<\/p>\n\n\n\n<ul class=\"wp-block-list\">\n<li>Piksel kayb\u0131<\/li>\n\n\n\n<li>Renk bozulmalar\u0131<\/li>\n\n\n\n<li>Sat\u0131r\/s\u00fctun hatalar\u0131<\/li>\n\n\n\n<li>Led mod\u00fcl ar\u0131zalar\u0131<\/li>\n\n\n\n<li>G\u00fc\u00e7 kart\u0131 problemleri<\/li>\n\n\n\n<li>Receiver kart ve data kablo sorunlar\u0131<\/li>\n\n\n\n<li>G\u00f6r\u00fcnt\u00fc titreme ve kararma<\/li>\n<\/ul>\n\n\n\n<p>gibi teknik ar\u0131zalar olu\u015fabilir.<\/p>\n\n\n\n<p>Anka Teknoloji olarak <strong>Led Ekran Tamiri<\/strong> s\u00fcrecinde ar\u0131zay\u0131 yerinde tespit ediyor, gerekli \u00f6l\u00e7\u00fcm ve testleri yaparak do\u011fru m\u00fcdahaleyi ger\u00e7ekle\u015ftiriyoruz. Gereksiz par\u00e7a de\u011fi\u015fimi yapmadan maliyet avantaj\u0131 sa\u011fl\u0131yoruz.<\/p>\n\n\n\n<hr class=\"wp-block-separator has-alpha-channel-opacity\"\/>\n\n\n\n<h2 class=\"wp-block-heading\">Led Mod\u00fcl Tamiri Uzmanl\u0131\u011f\u0131<\/h2>\n\n\n\n<p>Led ekranlar\u0131n en kritik bile\u015feni mod\u00fcllerdir. Yanl\u0131\u015f m\u00fcdahale, t\u00fcm panel sistemine zarar verebilir. Bu nedenle <strong>led mod\u00fcl tamiri<\/strong>, uzmanl\u0131k ve profesyonel ekipman gerektirir.<\/p>\n\n\n\n<p>Mod\u00fcl de\u011fi\u015fimi yerine m\u00fcmk\u00fcn olan durumlarda <strong>led mod\u00fcl tamiri<\/strong> yaparak maliyetleri d\u00fc\u015f\u00fcr\u00fcyoruz.<\/p>\n\n\n\n<hr class=\"wp-block-separator has-alpha-channel-opacity\"\/>\n\n\n\n<h1 class=\"wp-block-heading\">\u0130stanbul Led Ekran Tamiri \u2013 Yerinde Servis Avantaj\u0131<\/h1>\n\n\n\n<p>\u0130stanbul ba\u015fta olmak \u00fczere T\u00fcrkiye\u2019nin t\u00fcm illerine <strong>yerinde led ekran tamiri<\/strong> hizmeti sunuyoruz. \u00d6zellikle AVM, ma\u011faza, organizasyon firmalar\u0131, belediyeler, sahne sistemleri ve reklam ajanslar\u0131 i\u00e7in h\u0131zl\u0131 m\u00fcdahale sa\u011fl\u0131yoruz.<\/p>\n\n\n\n<p>Yerinde m\u00fcdahale sayesinde:<\/p>\n\n\n\n<ul class=\"wp-block-list\">\n<li>Zaman kayb\u0131 ya\u015famazs\u0131n\u0131z<\/li>\n\n\n\n<li>Nakliye riskini ortadan kald\u0131r\u0131rs\u0131n\u0131z<\/li>\n\n\n\n<li>\u0130\u015f s\u00fcreklili\u011finiz kesintiye u\u011framaz<\/li>\n\n\n\n<li>Reklam ve organizasyon s\u00fcre\u00e7leriniz aksamaz<\/li>\n<\/ul>\n\n\n\n<p><\/p>\n\n\n\n<hr class=\"wp-block-separator has-alpha-channel-opacity\"\/>\n\n\n\n<h1 class=\"wp-block-heading\">Indoor ve Outdoor Led Ekran Tamiri<\/h1>\n\n\n\n<h2 class=\"wp-block-heading\">Indoor (\u0130\u00e7 Mekan) Led Ekran Tamiri<\/h2>\n\n\n\n<p>AVM, ma\u011faza, fuar ve sahne sistemlerinde kullan\u0131lan y\u00fcksek \u00e7\u00f6z\u00fcn\u00fcrl\u00fckl\u00fc indoor ekranlar\u0131n tamirini yap\u0131yoruz. \u0130\u00e7 mekan led ekranlarda s\u0131k g\u00f6r\u00fclen;<\/p>\n\n\n\n<ul class=\"wp-block-list\">\n<li>Piksel Ar\u0131zalar\u0131<\/li>\n\n\n\n<li>Entegre ar\u0131zalar\u0131<\/li>\n\n\n\n<li>Mod\u00fcl kararmas\u0131<\/li>\n<\/ul>\n\n\n\n<p>gibi problemleri profesyonel ekipmanlarla gideriyoruz.<\/p>\n\n\n\n<p>Indoor led ekran tamiri i\u015flemlerinde g\u00f6r\u00fcnt\u00fc kalibrasyonu ve test s\u00fcreci mutlaka uygulan\u0131r.<\/p>\n\n\n\n<hr class=\"wp-block-separator has-alpha-channel-opacity\"\/>\n\n\n\n<h2 class=\"wp-block-heading\">Outdoor (D\u0131\u015f Mekan) Led Ekran Tamiri<\/h2>\n\n\n\n<p>D\u0131\u015f hava ko\u015fullar\u0131na maruz kalan reklam panolar\u0131 ve cephe ekranlar\u0131n\u0131n su, nem ve g\u00fc\u00e7 kaynakl\u0131 ar\u0131zalar\u0131n\u0131 gideriyoruz.<\/p>\n\n\n\n<p>Outdoor led ekran tamiri kapsam\u0131nda:<\/p>\n\n\n\n<ul class=\"wp-block-list\">\n<li>Su alm\u0131\u015f mod\u00fcl onar\u0131m\u0131<\/li>\n\n\n\n<li>Piksel ar\u0131zalar\u0131 onar\u0131m\u0131<\/li>\n\n\n\n<li>Nem kaynakl\u0131 oksit temizli\u011fi<\/li>\n<\/ul>\n\n\n\n<p>i\u015flemleri yap\u0131lmaktad\u0131r.<\/p>\n\n\n\n<p>D\u0131\u015f mekan led ekran sistemlerinde h\u0131zl\u0131 m\u00fcdahale, daha b\u00fcy\u00fck maliyetlerin \u00f6n\u00fcne ge\u00e7er.<\/p>\n\n\n\n<p><\/p>\n","protected":false},"excerpt":{"rendered":"<p>Anka Teknoloji olarak LED ekran bak\u0131m onar\u0131m ve montaj hizmeti vermekteyiz. TAM\u0130R \u00d6NCES\u0130 VE SONRASI Ger\u00e7ek projelerimizden baz\u0131 LED ekran tamir \u00f6rneklerini a\u015fa\u011f\u0131da g\u00f6rebilirsiniz. P3.9 Oudoor 50X50 panel tamir \u00f6ncesi P3.9 Outdoor 50&#215;50 panel tamir sonras\u0131 T\u00fcm \u00c7al\u0131\u015fmalar\u0131 G\u00f6r Led Ekran Tamiri | Led Mod\u00fcl Tamiri \u2013 \u0130stanbul &amp; T\u00fcrkiye Geneli Yerinde Servis Anka Teknoloji, &hellip; <\/p>\n<p class=\"link-more\"><a href=\"https:\/\/ankaledekrantamiri.com\/\" class=\"more-link\">Okumaya devam et<span class=\"screen-reader-text\"> &#8220;Anka Led Ekran Tamiri | Led Panel&#038;Mod\u00fcl Tamiri&#8221;<\/span><\/a><\/p>\n","protected":false},"author":1,"featured_media":0,"parent":0,"menu_order":0,"comment_status":"closed","ping_status":"closed","template":"","meta":{"footnotes":""},"class_list":["post-20","page","type-page","status-publish","hentry"],"_links":{"self":[{"href":"https:\/\/ankaledekrantamiri.com\/index.php?rest_route=\/wp\/v2\/pages\/20","targetHints":{"allow":["GET"]}}],"collection":[{"href":"https:\/\/ankaledekrantamiri.com\/index.php?rest_route=\/wp\/v2\/pages"}],"about":[{"href":"https:\/\/ankaledekrantamiri.com\/index.php?rest_route=\/wp\/v2\/types\/page"}],"author":[{"embeddable":true,"href":"https:\/\/ankaledekrantamiri.com\/index.php?rest_route=\/wp\/v2\/users\/1"}],"replies":[{"embeddable":true,"href":"https:\/\/ankaledekrantamiri.com\/index.php?rest_route=%2Fwp%2Fv2%2Fcomments&post=20"}],"version-history":[{"count":25,"href":"https:\/\/ankaledekrantamiri.com\/index.php?rest_route=\/wp\/v2\/pages\/20\/revisions"}],"predecessor-version":[{"id":188,"href":"https:\/\/ankaledekrantamiri.com\/index.php?rest_route=\/wp\/v2\/pages\/20\/revisions\/188"}],"wp:attachment":[{"href":"https:\/\/ankaledekrantamiri.com\/index.php?rest_route=%2Fwp%2Fv2%2Fmedia&parent=20"}],"curies":[{"name":"wp","href":"https:\/\/api.w.org\/{rel}","templated":true}]}}