{"id":102,"date":"2026-02-16T01:56:42","date_gmt":"2026-02-15T22:56:42","guid":{"rendered":"https:\/\/ankaledekrantamiri.com\/?page_id=102"},"modified":"2026-02-24T20:32:43","modified_gmt":"2026-02-24T17:32:43","slug":"tamir-oncesi-sonrasi","status":"publish","type":"page","link":"https:\/\/ankaledekrantamiri.com\/?page_id=102","title":{"rendered":"TAM\u0130R \u00d6NCES\u0130 VE SONRASI"},"content":{"rendered":"\n<div class=\"wp-block-columns is-layout-flex wp-container-core-columns-is-layout-9d6595d7 wp-block-columns-is-layout-flex\">\n<div class=\"wp-block-column is-layout-flow wp-block-column-is-layout-flow\">\n<div class=\"wp-block-columns is-layout-flex wp-container-core-columns-is-layout-9d6595d7 wp-block-columns-is-layout-flex\">\n<div class=\"wp-block-column is-layout-flow wp-block-column-is-layout-flow\" style=\"flex-basis:100%\">\n<figure data-wp-context=\"{&quot;imageId&quot;:&quot;69d69fca073ac&quot;}\" data-wp-interactive=\"core\/image\" data-wp-key=\"69d69fca073ac\" class=\"wp-block-image size-large wp-lightbox-container\"><img loading=\"lazy\" decoding=\"async\" width=\"1015\" height=\"1024\" data-wp-class--hide=\"state.isContentHidden\" data-wp-class--show=\"state.isContentVisible\" data-wp-init=\"callbacks.setButtonStyles\" data-wp-on--click=\"actions.showLightbox\" data-wp-on--load=\"callbacks.setButtonStyles\" data-wp-on-window--resize=\"callbacks.setButtonStyles\" src=\"https:\/\/ankaledekrantamiri.com\/wp-content\/uploads\/2026\/02\/TAMIR-ONCESI-1-1015x1024.jpeg\" alt=\"\" class=\"wp-image-166\" srcset=\"https:\/\/ankaledekrantamiri.com\/wp-content\/uploads\/2026\/02\/TAMIR-ONCESI-1-1015x1024.jpeg 1015w, https:\/\/ankaledekrantamiri.com\/wp-content\/uploads\/2026\/02\/TAMIR-ONCESI-1-297x300.jpeg 297w, https:\/\/ankaledekrantamiri.com\/wp-content\/uploads\/2026\/02\/TAMIR-ONCESI-1-150x150.jpeg 150w, https:\/\/ankaledekrantamiri.com\/wp-content\/uploads\/2026\/02\/TAMIR-ONCESI-1-768x775.jpeg 768w, https:\/\/ankaledekrantamiri.com\/wp-content\/uploads\/2026\/02\/TAMIR-ONCESI-1-1523x1536.jpeg 1523w, https:\/\/ankaledekrantamiri.com\/wp-content\/uploads\/2026\/02\/TAMIR-ONCESI-1-100x100.jpeg 100w, https:\/\/ankaledekrantamiri.com\/wp-content\/uploads\/2026\/02\/TAMIR-ONCESI-1.jpeg 2030w\" sizes=\"auto, (max-width: 767px) 89vw, (max-width: 1000px) 54vw, (max-width: 1071px) 543px, 580px\" \/><button\n\t\t\tclass=\"lightbox-trigger\"\n\t\t\ttype=\"button\"\n\t\t\taria-haspopup=\"dialog\"\n\t\t\taria-label=\"B\u00fcy\u00fct\"\n\t\t\tdata-wp-init=\"callbacks.initTriggerButton\"\n\t\t\tdata-wp-on--click=\"actions.showLightbox\"\n\t\t\tdata-wp-style--right=\"state.imageButtonRight\"\n\t\t\tdata-wp-style--top=\"state.imageButtonTop\"\n\t\t>\n\t\t\t<svg xmlns=\"http:\/\/www.w3.org\/2000\/svg\" width=\"12\" height=\"12\" fill=\"none\" viewBox=\"0 0 12 12\">\n\t\t\t\t<path fill=\"#fff\" d=\"M2 0a2 2 0 0 0-2 2v2h1.5V2a.5.5 0 0 1 .5-.5h2V0H2Zm2 10.5H2a.5.5 0 0 1-.5-.5V8H0v2a2 2 0 0 0 2 2h2v-1.5ZM8 12v-1.5h2a.5.5 0 0 0 .5-.5V8H12v2a2 2 0 0 1-2 2H8Zm2-12a2 2 0 0 1 2 2v2h-1.5V2a.5.5 0 0 0-.5-.5H8V0h2Z\" \/>\n\t\t\t<\/svg>\n\t\t<\/button><figcaption class=\"wp-element-caption\">P3.9 OUTDOOR 50X50 PANEL TAM\u0130R \u00d6NCES\u0130<\/figcaption><\/figure>\n<\/div>\n<\/div>\n<\/div>\n\n\n\n<div class=\"wp-block-column is-layout-flow wp-block-column-is-layout-flow\">\n<div class=\"wp-block-columns is-layout-flex wp-container-core-columns-is-layout-9d6595d7 wp-block-columns-is-layout-flex\">\n<div class=\"wp-block-column is-layout-flow wp-block-column-is-layout-flow\" style=\"flex-basis:100%\">\n<figure data-wp-context=\"{&quot;imageId&quot;:&quot;69d69fca07fca&quot;}\" data-wp-interactive=\"core\/image\" data-wp-key=\"69d69fca07fca\" class=\"wp-block-image size-large wp-lightbox-container\"><img loading=\"lazy\" decoding=\"async\" width=\"1022\" height=\"1024\" data-wp-class--hide=\"state.isContentHidden\" data-wp-class--show=\"state.isContentVisible\" data-wp-init=\"callbacks.setButtonStyles\" data-wp-on--click=\"actions.showLightbox\" data-wp-on--load=\"callbacks.setButtonStyles\" data-wp-on-window--resize=\"callbacks.setButtonStyles\" src=\"https:\/\/ankaledekrantamiri.com\/wp-content\/uploads\/2026\/02\/TAMIR-SONRASI-1-1022x1024.jpeg\" alt=\"\" class=\"wp-image-167\" srcset=\"https:\/\/ankaledekrantamiri.com\/wp-content\/uploads\/2026\/02\/TAMIR-SONRASI-1-1022x1024.jpeg 1022w, https:\/\/ankaledekrantamiri.com\/wp-content\/uploads\/2026\/02\/TAMIR-SONRASI-1-300x300.jpeg 300w, https:\/\/ankaledekrantamiri.com\/wp-content\/uploads\/2026\/02\/TAMIR-SONRASI-1-150x150.jpeg 150w, https:\/\/ankaledekrantamiri.com\/wp-content\/uploads\/2026\/02\/TAMIR-SONRASI-1-768x770.jpeg 768w, https:\/\/ankaledekrantamiri.com\/wp-content\/uploads\/2026\/02\/TAMIR-SONRASI-1-1533x1536.jpeg 1533w, https:\/\/ankaledekrantamiri.com\/wp-content\/uploads\/2026\/02\/TAMIR-SONRASI-1-100x100.jpeg 100w, https:\/\/ankaledekrantamiri.com\/wp-content\/uploads\/2026\/02\/TAMIR-SONRASI-1.jpeg 2044w\" sizes=\"auto, (max-width: 767px) 89vw, (max-width: 1000px) 54vw, (max-width: 1071px) 543px, 580px\" \/><button\n\t\t\tclass=\"lightbox-trigger\"\n\t\t\ttype=\"button\"\n\t\t\taria-haspopup=\"dialog\"\n\t\t\taria-label=\"B\u00fcy\u00fct\"\n\t\t\tdata-wp-init=\"callbacks.initTriggerButton\"\n\t\t\tdata-wp-on--click=\"actions.showLightbox\"\n\t\t\tdata-wp-style--right=\"state.imageButtonRight\"\n\t\t\tdata-wp-style--top=\"state.imageButtonTop\"\n\t\t>\n\t\t\t<svg xmlns=\"http:\/\/www.w3.org\/2000\/svg\" width=\"12\" height=\"12\" fill=\"none\" viewBox=\"0 0 12 12\">\n\t\t\t\t<path fill=\"#fff\" d=\"M2 0a2 2 0 0 0-2 2v2h1.5V2a.5.5 0 0 1 .5-.5h2V0H2Zm2 10.5H2a.5.5 0 0 1-.5-.5V8H0v2a2 2 0 0 0 2 2h2v-1.5ZM8 12v-1.5h2a.5.5 0 0 0 .5-.5V8H12v2a2 2 0 0 1-2 2H8Zm2-12a2 2 0 0 1 2 2v2h-1.5V2a.5.5 0 0 0-.5-.5H8V0h2Z\" \/>\n\t\t\t<\/svg>\n\t\t<\/button><figcaption class=\"wp-element-caption\">P3.9 OUTDOOR 50X50 PANEL TAM\u0130R SONRASI<\/figcaption><\/figure>\n<\/div>\n<\/div>\n<\/div>\n<\/div>\n\n\n\n<div class=\"wp-block-columns is-layout-flex wp-container-core-columns-is-layout-9d6595d7 wp-block-columns-is-layout-flex\">\n<div class=\"wp-block-column is-layout-flow wp-block-column-is-layout-flow\">\n<figure data-wp-context=\"{&quot;imageId&quot;:&quot;69d69fca086b0&quot;}\" data-wp-interactive=\"core\/image\" data-wp-key=\"69d69fca086b0\" class=\"wp-block-image size-large wp-lightbox-container\"><img loading=\"lazy\" decoding=\"async\" width=\"548\" height=\"1024\" data-wp-class--hide=\"state.isContentHidden\" data-wp-class--show=\"state.isContentVisible\" data-wp-init=\"callbacks.setButtonStyles\" data-wp-on--click=\"actions.showLightbox\" data-wp-on--load=\"callbacks.setButtonStyles\" data-wp-on-window--resize=\"callbacks.setButtonStyles\" src=\"https:\/\/ankaledekrantamiri.com\/wp-content\/uploads\/2026\/02\/P3-TAMIR-ONCESI-548x1024.jpeg\" alt=\"\" class=\"wp-image-122\" srcset=\"https:\/\/ankaledekrantamiri.com\/wp-content\/uploads\/2026\/02\/P3-TAMIR-ONCESI-548x1024.jpeg 548w, https:\/\/ankaledekrantamiri.com\/wp-content\/uploads\/2026\/02\/P3-TAMIR-ONCESI-161x300.jpeg 161w, https:\/\/ankaledekrantamiri.com\/wp-content\/uploads\/2026\/02\/P3-TAMIR-ONCESI-768x1435.jpeg 768w, https:\/\/ankaledekrantamiri.com\/wp-content\/uploads\/2026\/02\/P3-TAMIR-ONCESI-822x1536.jpeg 822w, https:\/\/ankaledekrantamiri.com\/wp-content\/uploads\/2026\/02\/P3-TAMIR-ONCESI.jpeg 841w\" sizes=\"auto, (max-width: 548px) 100vw, 548px\" \/><button\n\t\t\tclass=\"lightbox-trigger\"\n\t\t\ttype=\"button\"\n\t\t\taria-haspopup=\"dialog\"\n\t\t\taria-label=\"B\u00fcy\u00fct\"\n\t\t\tdata-wp-init=\"callbacks.initTriggerButton\"\n\t\t\tdata-wp-on--click=\"actions.showLightbox\"\n\t\t\tdata-wp-style--right=\"state.imageButtonRight\"\n\t\t\tdata-wp-style--top=\"state.imageButtonTop\"\n\t\t>\n\t\t\t<svg xmlns=\"http:\/\/www.w3.org\/2000\/svg\" width=\"12\" height=\"12\" fill=\"none\" viewBox=\"0 0 12 12\">\n\t\t\t\t<path fill=\"#fff\" d=\"M2 0a2 2 0 0 0-2 2v2h1.5V2a.5.5 0 0 1 .5-.5h2V0H2Zm2 10.5H2a.5.5 0 0 1-.5-.5V8H0v2a2 2 0 0 0 2 2h2v-1.5ZM8 12v-1.5h2a.5.5 0 0 0 .5-.5V8H12v2a2 2 0 0 1-2 2H8Zm2-12a2 2 0 0 1 2 2v2h-1.5V2a.5.5 0 0 0-.5-.5H8V0h2Z\" \/>\n\t\t\t<\/svg>\n\t\t<\/button><\/figure>\n<\/div>\n\n\n\n<div class=\"wp-block-column is-layout-flow wp-block-column-is-layout-flow\"><\/div>\n<\/div>\n\n\n","protected":false},"excerpt":{"rendered":"","protected":false},"author":1,"featured_media":0,"parent":20,"menu_order":0,"comment_status":"closed","ping_status":"closed","template":"","meta":{"footnotes":""},"class_list":["post-102","page","type-page","status-publish","hentry"],"_links":{"self":[{"href":"https:\/\/ankaledekrantamiri.com\/index.php?rest_route=\/wp\/v2\/pages\/102","targetHints":{"allow":["GET"]}}],"collection":[{"href":"https:\/\/ankaledekrantamiri.com\/index.php?rest_route=\/wp\/v2\/pages"}],"about":[{"href":"https:\/\/ankaledekrantamiri.com\/index.php?rest_route=\/wp\/v2\/types\/page"}],"author":[{"embeddable":true,"href":"https:\/\/ankaledekrantamiri.com\/index.php?rest_route=\/wp\/v2\/users\/1"}],"replies":[{"embeddable":true,"href":"https:\/\/ankaledekrantamiri.com\/index.php?rest_route=%2Fwp%2Fv2%2Fcomments&post=102"}],"version-history":[{"count":19,"href":"https:\/\/ankaledekrantamiri.com\/index.php?rest_route=\/wp\/v2\/pages\/102\/revisions"}],"predecessor-version":[{"id":192,"href":"https:\/\/ankaledekrantamiri.com\/index.php?rest_route=\/wp\/v2\/pages\/102\/revisions\/192"}],"up":[{"embeddable":true,"href":"https:\/\/ankaledekrantamiri.com\/index.php?rest_route=\/wp\/v2\/pages\/20"}],"wp:attachment":[{"href":"https:\/\/ankaledekrantamiri.com\/index.php?rest_route=%2Fwp%2Fv2%2Fmedia&parent=102"}],"curies":[{"name":"wp","href":"https:\/\/api.w.org\/{rel}","templated":true}]}}